{"id":16553,"date":"2018-06-24T15:00:32","date_gmt":"2018-06-24T13:00:32","guid":{"rendered":"https:\/\/awo-fulda.de\/?page_id=16553"},"modified":"2026-09-01T15:23:43","modified_gmt":"2026-09-01T13:23:43","slug":"refugees-go-volunteer-revo","status":"publish","type":"page","link":"https:\/\/awo-fulda.de\/fr\/refugees-go-volunteer-revo\/","title":{"rendered":"Refugees go Volunteers <\/p> (ReVo-Les r\u00e9fugi\u00e9s s\u2019engagent)"},"content":{"rendered":"<table style=\"width: 100%; border-collapse: collapse;\">\n<tbody>\n<tr style=\"height: 179px;\">\n<td style=\"width: 33.3333%; height: 179px;\"><a class=\"dt-pswp-item\" href=\"https:\/\/awo-fulda.de\/wp-content\/uploads\/2018\/06\/erneuerbar.jpg\" data-dt-img-description=\"\" data-large_image_width=\"1600\" data-large_image_height=\"900\"><img loading=\"lazy\" decoding=\"async\" class=\" wp-image-16246 aligncenter\" src=\"https:\/\/awo-fulda.de\/wp-content\/uploads\/2018\/06\/erneuerbar.jpg\" alt=\"\" width=\"456\" height=\"257\" srcset=\"https:\/\/awo-fulda.de\/wp-content\/uploads\/2018\/06\/erneuerbar.jpg 1600w, https:\/\/awo-fulda.de\/wp-content\/uploads\/2018\/06\/erneuerbar-480x270.jpg 480w, https:\/\/awo-fulda.de\/wp-content\/uploads\/2018\/06\/erneuerbar-768x432.jpg 768w, https:\/\/awo-fulda.de\/wp-content\/uploads\/2018\/06\/erneuerbar-640x360.jpg 640w\" sizes=\"auto, (max-width: 456px) 100vw, 456px\" \/><\/a><\/td>\n<td style=\"width: 33.3333%; height: 179px;\"><a class=\"dt-pswp-item\" href=\"https:\/\/awo-fulda.de\/wp-content\/uploads\/2019\/07\/Generationenhilfe.jpg\" data-dt-img-description=\"\" data-large_image_width=\"4000\" data-large_image_height=\"3000\"><img loading=\"lazy\" decoding=\"async\" class=\"aligncenter wp-image-20348 \" src=\"https:\/\/awo-fulda.de\/wp-content\/uploads\/2019\/07\/Generationenhilfe-e1617722616869.jpg\" alt=\"\" width=\"393\" height=\"237\" srcset=\"https:\/\/awo-fulda.de\/wp-content\/uploads\/2019\/07\/Generationenhilfe-e1617722616869.jpg 4000w, https:\/\/awo-fulda.de\/wp-content\/uploads\/2019\/07\/Generationenhilfe-e1617722616869-480x289.jpg 480w, https:\/\/awo-fulda.de\/wp-content\/uploads\/2019\/07\/Generationenhilfe-e1617722616869-768x463.jpg 768w, https:\/\/awo-fulda.de\/wp-content\/uploads\/2019\/07\/Generationenhilfe-e1617722616869-640x386.jpg 640w, https:\/\/awo-fulda.de\/wp-content\/uploads\/2019\/07\/Generationenhilfe-e1617722616869-1536x925.jpg 1536w, https:\/\/awo-fulda.de\/wp-content\/uploads\/2019\/07\/Generationenhilfe-e1617722616869-2048x1234.jpg 2048w\" sizes=\"auto, (max-width: 393px) 100vw, 393px\" \/><\/a><\/td>\n<td style=\"width: 33.3333%; height: 179px;\"><a class=\"dt-pswp-item\" href=\"https:\/\/awo-fulda.de\/wp-content\/uploads\/2018\/06\/aktion-e1530099256819.jpg\" data-dt-img-description=\"\" data-large_image_width=\"1728\" data-large_image_height=\"1152\"><img loading=\"lazy\" decoding=\"async\" class=\"wp-image-16191 size-full aligncenter\" src=\"https:\/\/awo-fulda.de\/wp-content\/uploads\/2018\/06\/aktion-e1530099256819.jpg\" alt=\"\" width=\"1598\" height=\"902\" srcset=\"https:\/\/awo-fulda.de\/wp-content\/uploads\/2018\/06\/aktion-e1530099256819.jpg 1598w, https:\/\/awo-fulda.de\/wp-content\/uploads\/2018\/06\/aktion-e1530099256819-480x271.jpg 480w, https:\/\/awo-fulda.de\/wp-content\/uploads\/2018\/06\/aktion-e1530099256819-768x434.jpg 768w, https:\/\/awo-fulda.de\/wp-content\/uploads\/2018\/06\/aktion-e1530099256819-640x361.jpg 640w\" sizes=\"auto, (max-width: 1598px) 100vw, 1598px\" \/><\/a><\/td>\n<\/tr>\n<\/tbody>\n<\/table>\n<p>&#8220;Refugees go Volunteers&#8221; est un projet de la AWO-Fulda qui encourage les migrants\u00a0 int\u00e9ress\u00e9s, vivant dans le district de Fulda, \u00e0 s\u2019engager en les accompagnant dans leur action.<\/p>\n<p>\u00c0 travers notre projet, vous aurez le sentiment :<\/p>\n<ul>\n<li>d\u2019\u00eatre utile<\/li>\n<li>d\u2019\u00eatre un acteur de la transformation de la soci\u00e9t\u00e9<\/li>\n<li>vous pourrez faire profiter votre entourage de vos comp\u00e9tences<\/li>\n<li>de soutenir et construire quelque chose au lieu d\u2019\u00eatre vous-m\u00eame assist\u00e9.<\/li>\n<\/ul>\n","protected":false},"excerpt":{"rendered":"<p>&#8220;Refugees go Volunteers&#8221; est un projet de la AWO-Fulda qui encourage les migrants\u00a0 int\u00e9ress\u00e9s, vivant dans le district de Fulda, \u00e0 s\u2019engager en les accompagnant dans leur action. \u00c0 travers&hellip;<\/p>\n","protected":false},"author":6,"featured_media":0,"parent":0,"menu_order":0,"comment_status":"closed","ping_status":"closed","template":"","meta":{"_editorskit_title_hidden":false,"_editorskit_reading_time":0,"_editorskit_is_block_options_detached":false,"_editorskit_block_options_position":"{}","footnotes":"","_members_access_role":[],"_members_access_error":""},"class_list":["post-16553","page","type-page","status-publish","hentry","description-off"],"translation":{"provider":"WPGlobus","version":"3.0.5","language":"fr","enabled_languages":["de","en","fr","ru","ar","tr","fa"],"languages":{"de":{"title":true,"content":true,"excerpt":false},"en":{"title":true,"content":true,"excerpt":false},"fr":{"title":true,"content":true,"excerpt":false},"ru":{"title":false,"content":true,"excerpt":false},"ar":{"title":true,"content":true,"excerpt":false},"tr":{"title":false,"content":false,"excerpt":false},"fa":{"title":false,"content":false,"excerpt":false}}},"_links":{"self":[{"href":"https:\/\/awo-fulda.de\/fr\/wp-json\/wp\/v2\/pages\/16553","targetHints":{"allow":["GET"]}}],"collection":[{"href":"https:\/\/awo-fulda.de\/fr\/wp-json\/wp\/v2\/pages"}],"about":[{"href":"https:\/\/awo-fulda.de\/fr\/wp-json\/wp\/v2\/types\/page"}],"author":[{"embeddable":true,"href":"https:\/\/awo-fulda.de\/fr\/wp-json\/wp\/v2\/users\/6"}],"replies":[{"embeddable":true,"href":"https:\/\/awo-fulda.de\/fr\/wp-json\/wp\/v2\/comments?post=16553"}],"version-history":[{"count":33,"href":"https:\/\/awo-fulda.de\/fr\/wp-json\/wp\/v2\/pages\/16553\/revisions"}],"predecessor-version":[{"id":146463,"href":"https:\/\/awo-fulda.de\/fr\/wp-json\/wp\/v2\/pages\/16553\/revisions\/146463"}],"wp:attachment":[{"href":"https:\/\/awo-fulda.de\/fr\/wp-json\/wp\/v2\/media?parent=16553"}],"curies":[{"name":"wp","href":"https:\/\/api.w.org\/{rel}","templated":true}]}}

Refugees go Volunteers </p> (ReVo-Les réfugiés s’engagent)

<table style="width: 100%; border-collapse: collapse;">
<tbody>
<tr style="height: 179px;">
<td style="width: 33.3333%; height: 179px;"><a class="dt-pswp-item" href="https://awo-fulda.de/wp-content/uploads/2018/06/erneuerbar.jpg" data-dt-img-description="" data-large_image_width="1600" data-large_image_height="900"><img loading="lazy" decoding="async" class=" wp-image-16246 aligncenter" src="https://awo-fulda.de/wp-content/uploads/2018/06/erneuerbar.jpg" alt="" width="456" height="257" srcset="https://awo-fulda.de/wp-content/uploads/2018/06/erneuerbar.jpg 1600w, https://awo-fulda.de/wp-content/uploads/2018/06/erneuerbar-480x270.jpg 480w, https://awo-fulda.de/wp-content/uploads/2018/06/erneuerbar-768x432.jpg 768w, https://awo-fulda.de/wp-content/uploads/2018/06/erneuerbar-640x360.jpg 640w" sizes="auto, (max-width: 456px) 100vw, 456px" /></a></td>
<td style="width: 33.3333%; height: 179px;"><a class="dt-pswp-item" href="https://awo-fulda.de/wp-content/uploads/2019/07/Generationenhilfe.jpg" data-dt-img-description="" data-large_image_width="4000" data-large_image_height="3000"><img loading="lazy" decoding="async" class="aligncenter wp-image-20348 " src="https://awo-fulda.de/wp-content/uploads/2019/07/Generationenhilfe-e1617722616869.jpg" alt="" width="393" height="237" srcset="https://awo-fulda.de/wp-content/uploads/2019/07/Generationenhilfe-e1617722616869.jpg 4000w, https://awo-fulda.de/wp-content/uploads/2019/07/Generationenhilfe-e1617722616869-480x289.jpg 480w, https://awo-fulda.de/wp-content/uploads/2019/07/Generationenhilfe-e1617722616869-768x463.jpg 768w, https://awo-fulda.de/wp-content/uploads/2019/07/Generationenhilfe-e1617722616869-640x386.jpg 640w, https://awo-fulda.de/wp-content/uploads/2019/07/Generationenhilfe-e1617722616869-1536x925.jpg 1536w, https://awo-fulda.de/wp-content/uploads/2019/07/Generationenhilfe-e1617722616869-2048x1234.jpg 2048w" sizes="auto, (max-width: 393px) 100vw, 393px" /></a></td>
<td style="width: 33.3333%; height: 179px;"><a class="dt-pswp-item" href="https://awo-fulda.de/wp-content/uploads/2018/06/aktion-e1530099256819.jpg" data-dt-img-description="" data-large_image_width="1728" data-large_image_height="1152"><img loading="lazy" decoding="async" class="wp-image-16191 size-full aligncenter" src="https://awo-fulda.de/wp-content/uploads/2018/06/aktion-e1530099256819.jpg" alt="" width="1598" height="902" srcset="https://awo-fulda.de/wp-content/uploads/2018/06/aktion-e1530099256819.jpg 1598w, https://awo-fulda.de/wp-content/uploads/2018/06/aktion-e1530099256819-480x271.jpg 480w, https://awo-fulda.de/wp-content/uploads/2018/06/aktion-e1530099256819-768x434.jpg 768w, https://awo-fulda.de/wp-content/uploads/2018/06/aktion-e1530099256819-640x361.jpg 640w" sizes="auto, (max-width: 1598px) 100vw, 1598px" /></a></td>
</tr>
</tbody>
</table>
<p>&#8220;Refugees go Volunteers&#8221; est un projet de la AWO-Fulda qui encourage les migrants  intéressés, vivant dans le district de Fulda, à s’engager en les accompagnant dans leur action.</p>
<p>À travers notre projet, vous aurez le sentiment :</p>
<ul>
<li>d’être utile</li>
<li>d’être un acteur de la transformation de la société</li>
<li>vous pourrez faire profiter votre entourage de vos compétences</li>
<li>de soutenir et construire quelque chose au lieu d’être vous-même assisté.</li>
</ul>

<p>&#8220;Refugees go Volunteers&#8221; est un projet de la AWO-Fulda qui encourage les migrants  intéressés, vivant dans le district de Fulda, à s’engager en les accompagnant dans leur action. À travers&hellip;</p>
